) = 5*h + 21. Let z(v) = -v - 2. Let j(q) = a(q) + 4*z(q). List the prime factors of j(c).
19
Let z be (-507)/(-2)*(-1200)/(-45). Suppose -14*q + 5210 + z = 0. List the prime factors of q.
3, 5, 19
Suppose 25*i = 20*i + 410. Let y = i - 63. Suppose 700 = y*h - 5*h. List the prime factors of h.
2, 5
Let s = -7062 + 13461. What are the prime factors of s?
3, 79
Let r = -58 - -60. What are the prime factors of 1101/r + (-153)/102?
3, 61
Let s = 4383 + 5464. What are the prime factors of s?
43, 229
Let r(c) = -12*c**3 - 2*c**2 - 35*c - 291. What are the prime factors of r(-6)?
3, 271
Let w = 35490 - 7366. List the prime factors of w.
2, 79, 89
Let a(m) = -m - 1. Let d(b) = 9*b + 3. Let w(i) = -66*a(i) - 6*d(i). What are the prime factors of w(16)?
2, 3, 5
Let g(y) = 5*y + 0 + 2*y - 10. Suppose -f + 37 = 5*h - 0*f, h + 4 = -4*f. What are the prime factors of g(h)?
2, 23
Let t = -3716 + 3947. What are the prime factors of t?
3, 7, 11
Suppose 170780 = -300*k + 587982 + 492098. List the prime factors of k.
7, 433
Suppose 24*t = 23*t. What are the prime factors of 1/((-5)/(-1775)) - t?
5, 71
Suppose -30 = 17*s - 23*s. Suppose s*x - 4*r - 909 = 1270, r - 1304 = -3*x. List the prime factors of x.
3, 5, 29
Let k(z) = 15*z**2 + 13*z - 57. Let p be k(4). Let h = p + 388. What are the prime factors of h?
7, 89
What are the prime factors of (-22)/(-33)*39687/2?
13229
Suppose 28*i = 5*z + 23*i - 13290, -5*i - 7984 = -3*z. Let f = z - 1445. List the prime factors of f.
2, 151
Let t be 14 + (2 - (5 + 0 + 0)). Suppose t*n = 43 + 232. List the prime factors of n.
5
Suppose j = -2*j + 81. List the prime factors of ((-9)/j)/(-2*(-2)/(-3660)).
5, 61
Suppose 5*s - 27 = -7. Let f be s*(2 - (-63)/6). List the prime factors of (32/10)/(10/f).
2
Let z(u) = u**2 - 2*u - 61. Let g be z(-7). Suppose -g*r - 3 = 3, 2*x - 569 = 3*r. List the prime factors of x.
2, 5, 7
What are the prime factors of ((-38)/(-380)*-179390)/(-3 - -2)?
17939
Let g = -111 - -112. Suppose -4*p + 3 = -g, -m + 400 = -3*p. List the prime factors of m.
13, 31
Suppose 10 = w - 2*d - 1, 4*w - 4*d - 32 = 0. Suppose -342 = -2*k + 5*t - 4*t, w*t = 0. List the prime factors of k.
3, 19
Let f be (4 + (-21)/3)*834/9. Let d = f + 1255. Suppose -4*b + 9*r - 4*r + 769 = 0, -r - d = -5*b. What are the prime factors of b?
2, 7
Let u(p) = 215*p**3 + 35*p**2 + 4*p - 23. What are the prime factors of u(6)?
47701
Let x = 3975 + -3864. What are the prime factors of x?
3, 37
Let h = 45874 - 32485. What are the prime factors of h?
3, 4463
Let n = -28059 + 52109. List the prime factors of n.
2, 5, 13, 37
Suppose 5*y + 506 = -0*j + 2*j, -4*y - 1024 = -4*j. Let n be -1*(6/6 + 0). List the prime factors of -2*(n + j/(-4)).
131
Let p(g) = 247*g**2 - 25*g - 132. List the prime factors of p(-5).
2, 3, 257
List the prime factors of 26663/28 + 18/(-8) + 3.
953
Let a(d) = 34*d**2 - 25*d + 3. List the prime factors of a(16).
3, 13, 71
Suppose -12 = -4*t - 16. Let j be t/2*1 - 267/(-6). Let y = -32 + j. List the prime factors of y.
2, 3
What are the prime factors of (100/(-35) - 0)/((-42)/16905)?
2, 5, 23
Let r = -707 + 1177. Let x be ((-17)/(340/24))/((-2)/(-370)). Let f = x + r. What are the prime factors of f?
2, 31
Let l(d) = 38*d**3 - 3*d**2 + 6*d - 2. Let f be l(1). Suppose -f*i + 28*i + 3047 = 0. What are the prime factors of i?
277
Let r(t) = 2*t + 14. Let l be r(-4). Suppose l*p + 119 = -j + p, -5*j - 5*p - 615 = 0. Let n = j + 184. List the prime factors of n.
2, 3, 5
Let d(m) = 168*m**2 + 66*m - 317. List the prime factors of d(8).
19, 577
Let d(l) = -2*l**3 + 120*l**2 + 51*l + 799. List the prime factors of d(60).
17, 227
Suppose -2*k + 4*c = -0*c - 44, -3*k = 4*c - 16. What are the prime factors of (-6 + 138/k)*8?
2, 11
What are the prime factors of 11/((-77)/(-3)) - -1198*(-30)/(-28)?
2, 3, 107
Let r(p) = -3*p**3 + 10*p**2 + 34*p + 19. What are the prime factors of r(-9)?
2, 5, 271
Suppose 714 = 3*g - 3*x, 0 = 5*g - 2*x + 267 - 1466. Let h = g + -188. List the prime factors of h.
53
Suppose -174*v + 179*v - 170 = 0. List the prime factors of (v/4)/((-13)/(-1014)).
3, 13, 17
Let p(s) be the second derivative of s**5/20 + s**4/4 - s**3/3 - 5*s**2 + 73*s. List the prime factors of p(5).
2, 3, 5
Let c = -131 - -131. Let k = 8 + -5. Suppose 215 = 4*l - 4*u + 31, c = k*l + 5*u - 114. What are the prime factors of l?
43
Let k be (-2)/(-9) + 0 - (-5824)/117. Let q be 3 + k*(-25)/5. Let n = q + 508. List the prime factors of n.
3, 29
Let v = 4272 - 3339. List the prime factors of v.
3, 311
Let v be ((-6)/(-3))/(4/(-810)). Let r = 110 - v. List the prime factors of r.
5, 103
Let z = -4639 - -6807. What are the prime factors of z?
2, 271
Suppose 281 = 20*f - 59. Let o(t) = -t**3 + 18*t**2 - 7*t + 105. List the prime factors of o(f).
5, 11
Let i be (-4)/(7 - (-4 - -9)). Let c be (-2 - -9)*(-1 - i)*-17. Let g = -74 - c. What are the prime factors of g?
3, 5
Suppose 7 = -3*v - 5, -3*r - 34 = v. Let d be -1*5/(25/r). List the prime factors of (-3088)/(-44) - (20/(-11) + d).
2, 5, 7
Suppose -59*k - 15656 = -21*k. Let m = k - -674. What are the prime factors of m?
2, 131
Let b be 1*8 + (-6)/(-8)*4. Suppose -16*x + b*x + 1460 = 0. Let s = x - 176. List the prime factors of s.
2, 29
Let w(c) be the third derivative of c**6/60 - c**5/6 - c**4/8 + 17*c**3/6 - 31*c**2. What are the prime factors of w(7)?
2, 3
Suppose -49 = -4*j - x, j - 2*x - 1 = 9. Let f be (-353)/(-9) - j/54. Suppose b - 120 - f = 0. What are the prime factors of b?
3, 53
Let g = 50 + -53. Let w(p) = 2*p**3 + 5*p**2 + p - 3. Let o be w(g). Let t = o - -29. What are the prime factors of t?
2, 7
Let i(l) = 4*l**3 - 3*l**2 + 5*l + 3. Let m be i(6). Suppose 160 = 47*a - 15*a. Suppose -5*r + a*n + m = 19, 0 = 2*r + 2*n - 296. List the prime factors of r.
151
Let q be (-1 - 4)/((-40)/(-5) - 9). Suppose q*r - 274 - 101 = 0. List the prime factors of r.
3, 5
Suppose 0 = -2*d - 3*d - 35. What are the prime factors of 6 + (-2799)/(4 + d)?
3, 313
Suppose 0 = 541*c - 23*c - 21034944. List the prime factors of c.
2, 3, 47
Let t = -5645 + 9741. List the prime factors of t.
2
Suppose -7176 - 2544 = -10*g. List the prime factors of g/(4 + 0)*(14 - 9).
3, 5
Suppose 5*b - 25*m + 21*m - 1036 = 0, 2*m + 416 = 2*b. Suppose -157 - b = -f. What are the prime factors of f?
19
Suppose -2*a - 4*z = 0, 8*a - z = 3*a + 22. Suppose -482 = -a*s + 278. List the prime factors of s.
2, 5, 19
Let l = 19 + -15. Suppose -4*b + 348 = -l*g, 5*g - 11 = 9. What are the prime factors of b?
7, 13
Let w = 14335 - 8462. What are the prime factors of w?
7, 839
Suppose 4*r + 3*j = 16251, -10 - 15 = -5*j. Suppose -r = 8*y + 11301. What are the prime factors of (-1*(-1 + 0))/((-12)/y)?
2, 5
Let q(l) be the third derivative of l**5/60 + l**4/12 - 4*l**2. Let r be q(-1). What are the prime factors of (-3 + 6)/((-184)/190 - r)?
5, 19
Let a(r) be the third derivative of -r**5/60 - 13*r**4/12 + 13*r**3/2 + 11*r**2 + 3. What are the prime factors of a(-16)?
199
Let c(m) = 6 + m**3 - 15 - 2*m**3 + 12*m**2. Let l = -3120 + 3131. What are the prime factors of c(l)?
2, 7
Let m = -12703 - -23173. What are the prime factors of m?
2, 3, 5, 349
Suppose -5*j + 71 + 29 = 0. Let p = j - 70. Let v = 18 - p. List the prime factors of v.
2, 17
What are the prime factors of 4/4*-6602*(-4)/8?
3301
Suppose -58*j = 19*j - 1120716 - 173423. List the prime factors of j.
7
Suppose c - 4510 = -3*j, -2*j - 2*j - 9060 = -2*c. What are the prime factors of c?
2, 7, 17, 19
Let q be 4*6*(0 - -2)*(-824)/128. Let x = -13 - -7. What are the prime factors of 4/2*q/x?
103
Suppose -350 = -7*m - 0*m. Let n = m + -47. Suppose -2*x - 378 = -3*i - 113, -2*i - n*x + 181 = 0. What are the prime factors of i?
89
Let f = -820 + 510. Let y = f + 1180. List the prime factors of y.
2, 3, 5, 29
Let f(g) = g**2 + 5*g + 4. Let i be f(4). Suppose 0 = -4*a, 10 = -2*p + 5*a + i. What are the prime factors of p?
3, 5
Let i = 250 - 229. Suppose -19*m + i*m = 1516. List the prime factors of m.
2, 379
List the prime factors of 3709771/1529 + 6/(-22).
2, 1213
List the prime factors of (-286888)/(-49) - (-1 - (-5)/((-140)/(-24))).
5, 1171
Let d(i) = -12*i**3 + 11*i**3 - 21*i + 7 - 10*i**2 + 26 - 7. What are the prime factors of d(-11)?
2, 3, 7
Let h(v) = 7*v + 16. Let z(p) = -6